{"id":981,"date":"2025-10-05T08:04:59","date_gmt":"2025-10-05T08:04:59","guid":{"rendered":"https:\/\/dienantoanmd.com\/index.php\/san-pham\/thiet-bi-chong-ho-quang-chong-chay-no-tbdthq-03p\/"},"modified":"2025-12-30T09:37:36","modified_gmt":"2025-12-30T09:37:36","slug":"thiet-bi-chong-ho-quang-chong-chay-no-tbdthq-03p","status":"publish","type":"product","link":"https:\/\/dienantoanmd.com\/index.php\/san-pham\/thiet-bi-chong-ho-quang-chong-chay-no-tbdthq-03p\/","title":{"rendered":"Thi\u1ebft b\u1ecb ch\u1ed1ng H\u1ed3 Quang( ch\u1ed1ng ch\u00e1y n\u1ed5) \u2013 TBDTHQ 03P"},"content":{"rendered":"<p>Thi\u1ebft b\u1ecb c\u1eaft gi\u1ea3m tia h\u1ed3 quang ch\u1ed1ng ch\u00e1y n\u1ed5 l\u00e0 thi\u1ebft b\u1ecb b\u1ea3o v\u1ec7 v\u00e0 h\u1ea1n ch\u1ebf d\u00f2ng \u0111i\u1ec7n 3 pha c\u00f3 th\u1ec3 kh\u1eafc ph\u1ee5c hi\u1ec7u qu\u1ea3 c\u00e1c v\u1ea5n \u0111\u1ec1 v\u1ec1 d\u00f2ng \u0111i\u1ec7n ng\u1eafn m\u1ea1ch l\u1edbn, th\u01a1\u00ec gian c\u1eaft d\u00f2ng \u0111i\u1ec7n ng\u1eafn m\u1ea1ch d\u00e0i, c\u1eaft gi\u1ea3m tia h\u1ed3 quang l\u1edbn sinh ra trong th\u1eddi gian ng\u1eafn m\u1ea1ch, v\u00e0 c\u00e1c l\u1ed7i ng\u1eafn m\u1ea1ch trong tu\u1ed5i th\u1ecd c\u1ee7a c\u1ea7u dao v\u00e0 thi\u1ebft b\u1ecb gi\u00e1m s\u00e1, n\u00f3 c\u00f3 th\u1ec3 h\u1ea1n ch\u1ebf d\u00f2ng \u0111i\u1ec7n ng\u1eafn m\u1ea1ch \u1edf t\u1ed1c \u0111\u1ed9 micro gi\u00e2y \u0111\u1ec3 \u0111\u1ea1t \u0111\u01b0\u1ee3c kh\u1ea3 n\u0103ng b\u1ea3o v\u1ec7 v\u00e0 d\u1eadp t\u1eaft h\u1ed3 quang, C\u00f3 th\u1ec3 s\u1eed d\u1ee5ng cho nh\u00e0 m\u00e1y, c\u00f4ng s\u01b0\u1edfng s\u1ea3n xu\u1ea5t, tr\u01b0\u1eddng h\u1ecdc , k\u00fd t\u00fac x\u00e1, b\u1ec7nh vi\u1ec7n, trung t\u00e2m mua s\u1eafm, kh\u00e1ch s\u1ea1n, nh\u00e0 kho, khu d\u00e2n c\u01b0, tr\u1ea1m s\u1ea1c xe \u0111i\u1ec7n v\u00e0 ch\u1ee3<\/p>\n<p>T\u00cdNH N\u0102NG<br \/>\n1. B\u1ea3o v\u1ec7 ng\u1eafn m\u1ea1ch<br \/>\nB\u1ea3o v\u1ec7 gi\u00e1m s\u00e1t d\u00f2ng \u0111i\u1ec7n c\u1ee7a \u0111\u01b0\u1eddng d\u00e2y \u0111i\u1ec7n trong th\u1eddi gian th\u1ef1c, khi s\u1ea3y ra l\u1ed7i ng\u1eafn m\u1ea1ch tr\u00ean \u0111\u01b0\u1eddng d\u00e2y, n\u00f3 c\u00f3 th\u1ec3 th\u1ef1c hi\u1ec7n b\u1ea3o v\u1ec7 gi\u1edbi h\u1ea1n d\u00f2ng \u0111i\u1ec7n nhanh ch\u00f3ng trong v\u00f2ng 150 micro gi\u00e2y v\u00e0 g\u1eedi \u0111i \u00e2m thanh v\u00e0 h\u00ecnh \u1ea3nh, t\u00edn hi\u1ec7u b\u00e1o \u0111\u1ed9ng,<\/p>\n<p>2. B\u1ea3o v\u1ec7 qu\u00e1 \u00e1p, th\u1ea5p \u00e1p<br \/>\nKhi d\u00f2ng \u0111i\u1ec7n c\u1ee7a \u0111\u01b0\u1eddng d\u00e2y b\u1ea3o v\u1ec7 qu\u00e1 t\u1ea3i v\u00e0 th\u1eddi gian qu\u00e1 t\u1ea3i v\u01b0\u1ee3t qu\u00e1 th\u1eddi gian ho\u1ea1t \u0111\u1ed9ng c\u00f3 th\u1ec3 \u0111\u1eb7t (3-60S) thi\u1ebft b\u1ecb s\u1ebd b\u1eaft \u0111\u1ea7u b\u1ea3o v\u1ec7 gi\u1edbi h\u1ea1n d\u00f2ng \u0111i\u1ec7n v\u00e0 g\u1eedi t\u00edn hi\u1ec7u c\u1ea3nh b\u00e1o b\u1eb1ng \u00e2m thanh<\/p>\n<p>3. Ch\u1ee9c n\u0103ng b\u1ea3o v\u1ec7 qu\u00e1 nhi\u1ec7t<br \/>\nKhi nhi\u1ec7t \u0111\u1ed9 m\u00f4i tr\u01b0\u1eddng l\u00e0m vi\u1ec7c c\u1ee7a thi\u1ebft b\u1ecb ho\u1eb7c nhi\u1ec7t \u0111\u1ed9 c\u1ee7a c\u00e1c b\u1ed9 ph\u1eadn b\u00ean trong c\u1ee7a thi\u1ebft b\u1ecb v\u01b0\u1ee3t qua gi\u00e1 tr\u1ecb c\u00e0i \u0111\u1eb7t, th\u00ec thi\u1ebft b\u1ecb th\u1ef1c hi\u1ec7n ch\u1ee9c n\u0103ng b\u1ea3o v\u1ec7 qu\u00e1 nhi\u1ec7t, tr\u00e1nh h\u01b0 h\u1ecfng thi\u1ebft b\u1ecb<\/p>\n<p>4. Ch\u1ee9c n\u0103ng b\u1ea3o v\u1ec7 qu\u00e1 \u00e1p, th\u1ea5p \u00e1p<br \/>\nKhi thi\u1ebft b\u1ecb ph\u00e1t hi\u1ec7n \u0111i\u1ec7n \u00e1p cao, \u0111i\u1ec7n \u00e1p th\u1ea5p ho\u1eb7c \u0111i\u1ec7n \u00e1p th\u1ea5p c\u1ee7a \u0111i\u1ec7n \u00e1p \u0111\u01b0\u1eddng d\u00e2y, thi\u1ebft b\u1ecb s\u1ebd ph\u00e1t ra c\u1ea3nh b\u00e1o b\u1eb1ng \u00e2m thanh, v\u00e0 h\u00ecnh \u1ea3nh \u0111\u1ed3ng th\u1eddi c\u00f3 th\u1ec3 xem c\u00f3 k\u00edch ho\u1ea1t b\u1ea3o v\u1ec7 gi\u1edbi h\u1ea1n d\u00f2ng \u0111i\u1ec7n hay kh\u00f4ng?<\/p>\n<p>5. Ch\u1ee9c n\u0103ng gi\u00e1m s\u00e1t d\u00f2ng \u0111i\u1ec7n r\u00f2 r\u1ec9.<br \/>\nKhi thi\u1ebft b\u1ecb ph\u00e1t hi\u1ec7n ra r\u00f2 r\u1ec9 \u0111i\u1ec7n c\u1ee7a \u0111\u01b0\u1eddng d\u00e2y v\u01b0\u1ee3t qua gi\u00e1 tr\u1ecb c\u00e0i \u0111\u1eb7t, thi\u1ebft b\u1ecb s\u1ebd g\u1eedi t\u00edn hi\u1ec7u c\u1ea3nh b\u00e1o b\u1eb1ng \u00e2m thanh v\u00e0 h\u00ecnh \u1ea3nh<\/p>\n<p>TH\u00d4NG S\u1ed0 K\u1ef8 THU\u1eacT<br \/>\n\u0110i\u1ec7n \u00e1p AC 380V\/50Hz<br \/>\n\u0110i\u1ec7n l\u01b0u \u0111\u1ecbnh m\u1ee9c 160A MAX<br \/>\nTh\u1eddi gian b\u1ea3o v\u1ec7 gi\u1edbi h\u1ea1n &lt; 150\u00b5s<br \/>\nTh\u1eddi gian b\u1ea3o v\u00ea qu\u00e1 t\u1ea3i 3-60s<br \/>\nB\u1ea3o v\u1ec7 qu\u00e1 nhi\u1ec7t 70\u00baC<br \/>\nM\u00e0n h\u00ecnh hi\u1ec3n th\u1ecb LCD \u0111a tinh th\u1ec3<br \/>\nC\u1ea3nh B\u00e1o \u00c2m thanh c\u1ea3nh b\u00e1o<br \/>\nTh\u00f4ng tin 4G\/RS485<br \/>\nNhi\u1ec7t \u0111\u1ed9 m\u00f4i tr\u01b0\u1eddng s\u1eed d\u1ee5ng -10\u00baC ~55\u00baC<br \/>\nV\u1ecf nh\u1ef1a ch\u1ed1ng th\u1ea5m m\u01b0a P 30<br \/>\nGi\u00e1m s\u00e1t c\u00e0i \u0111\u1eb7t c\u1ea3nh b\u00e1o Ph\u1ea1m vi ho\u1ea1t \u0111\u1ed9ng 60%~100%<br \/>\nTh\u1eddi gian d\u1eebng ho\u1ea1t \u0111\u1ed9ng 0~60s<br \/>\nPh\u1ea1m vi gi\u00e1m s\u00e1t r\u00f2 \u0111i\u1ec7n 20-1000mA( \u0111\u1ed9 ch\u00ednh x\u00e1c \u00b12% ho\u1eb7c \u00b15mA<br \/>\nThi\u1ebft l\u1eadp c\u00e1nh b\u00e1o Ph\u1ea1m vi th\u1eddi gian 0~60s<br \/>\nGhi nh\u1edb s\u1ef1 c\u1ed1 \/ 20 b\u1ea3n ghi, ( lo\u1ea1i l\u1ed7i, th\u1eddi gian l\u1ed7i)<br \/>\nC\u1ea3nh b\u00e1o C\u1ea3nh b\u00e1o b\u1eb1ng \u00e2m thanh v\u00e0 \u00e1nh s\u00e1ng, c\u00f3 n\u00fat t\u1eaft<br \/>\nPh\u01b0\u01a1ng th\u1ee9c truy\u1ec1n tin 4 G, RS485 1 k\u00eanh, Modbus-RTU,<br \/>\nK\u00edch th\u01b0\u1edbc c\u1ee7a thi\u1ebft b\u1ecb 30x33x11cm<\/p>\n","protected":false},"excerpt":{"rendered":"<p>Thi\u1ebft b\u1ecb c\u1eaft gi\u1ea3m tia h\u1ed3 quang ch\u1ed1ng ch\u00e1y n\u1ed5 l\u00e0 thi\u1ebft b\u1ecb b\u1ea3o v\u1ec7 v\u00e0 h\u1ea1n ch\u1ebf d\u00f2ng \u0111i\u1ec7n 3 pha c\u00f3 th\u1ec3 kh\u1eafc ph\u1ee5c hi\u1ec7u qu\u1ea3 c\u00e1c v\u1ea5n [&hellip;]<\/p>\n","protected":false},"featured_media":1682,"comment_status":"open","ping_status":"closed","template":"","meta":[],"product_brand":[],"product_cat":[35],"product_tag":[],"class_list":{"0":"post-981","1":"product","2":"type-product","3":"status-publish","4":"has-post-thumbnail","6":"product_cat-bao-ve-chap-chay","8":"first","9":"instock","10":"shipping-taxable","11":"product-type-simple"},"yoast_head":"<!-- This site is optimized with the Yoast SEO plugin v26.0 - https:\/\/yoast.com\/wordpress\/plugins\/seo\/ -->\n<title>Thi\u1ebft b\u1ecb ch\u1ed1ng H\u1ed3 Quang( ch\u1ed1ng ch\u00e1y n\u1ed5) \u2013 TBDTHQ 03P - \u0110i\u1ec7n An To\u00e0n MD Esafety<\/title>\n<meta name=\"robots\" content=\"index, follow, max-snippet:-1, max-image-preview:large, max-video-preview:-1\" \/>\n<link rel=\"canonical\" href=\"https:\/\/dienantoanmd.com\/index.php\/san-pham\/thiet-bi-chong-ho-quang-chong-chay-no-tbdthq-03p\/\" \/>\n<meta property=\"og:locale\" content=\"vi_VN\" \/>\n<meta property=\"og:type\" content=\"article\" \/>\n<meta property=\"og:title\" content=\"Thi\u1ebft b\u1ecb ch\u1ed1ng H\u1ed3 Quang( ch\u1ed1ng ch\u00e1y n\u1ed5) \u2013 TBDTHQ 03P - \u0110i\u1ec7n An To\u00e0n MD Esafety\" \/>\n<meta property=\"og:description\" content=\"Thi\u1ebft b\u1ecb c\u1eaft gi\u1ea3m tia h\u1ed3 quang ch\u1ed1ng ch\u00e1y n\u1ed5 l\u00e0 thi\u1ebft b\u1ecb b\u1ea3o v\u1ec7 v\u00e0 h\u1ea1n ch\u1ebf d\u00f2ng \u0111i\u1ec7n 3 pha c\u00f3 th\u1ec3 kh\u1eafc ph\u1ee5c hi\u1ec7u qu\u1ea3 c\u00e1c v\u1ea5n [&hellip;]\" \/>\n<meta property=\"og:url\" content=\"https:\/\/dienantoanmd.com\/index.php\/san-pham\/thiet-bi-chong-ho-quang-chong-chay-no-tbdthq-03p\/\" \/>\n<meta property=\"og:site_name\" content=\"\u0110i\u1ec7n An To\u00e0n MD Esafety\" \/>\n<meta property=\"article:modified_time\" content=\"2025-12-30T09:37:36+00:00\" \/>\n<meta property=\"og:image\" content=\"http:\/\/dienantoanmd.com\/wp-content\/uploads\/2025\/11\/13-1024x1024.png\" \/>\n\t<meta property=\"og:image:width\" content=\"1024\" \/>\n\t<meta property=\"og:image:height\" content=\"1024\" \/>\n\t<meta property=\"og:image:type\" content=\"image\/png\" \/>\n<meta name=\"twitter:card\" content=\"summary_large_image\" \/>\n<meta name=\"twitter:label1\" content=\"\u01af\u1edbc t\u00ednh th\u1eddi gian \u0111\u1ecdc\" \/>\n\t<meta name=\"twitter:data1\" content=\"4 ph\u00fat\" \/>\n<script type=\"application\/ld+json\" class=\"yoast-schema-graph\">{\"@context\":\"https:\/\/schema.org\",\"@graph\":[{\"@type\":\"WebPage\",\"@id\":\"https:\/\/dienantoanmd.com\/index.php\/san-pham\/thiet-bi-chong-ho-quang-chong-chay-no-tbdthq-03p\/\",\"url\":\"https:\/\/dienantoanmd.com\/index.php\/san-pham\/thiet-bi-chong-ho-quang-chong-chay-no-tbdthq-03p\/\",\"name\":\"Thi\u1ebft b\u1ecb ch\u1ed1ng H\u1ed3 Quang( ch\u1ed1ng ch\u00e1y n\u1ed5) \u2013 TBDTHQ 03P - \u0110i\u1ec7n An To\u00e0n MD Esafety\",\"isPartOf\":{\"@id\":\"https:\/\/dienantoanmd.com\/#website\"},\"primaryImageOfPage\":{\"@id\":\"https:\/\/dienantoanmd.com\/index.php\/san-pham\/thiet-bi-chong-ho-quang-chong-chay-no-tbdthq-03p\/#primaryimage\"},\"image\":{\"@id\":\"https:\/\/dienantoanmd.com\/index.php\/san-pham\/thiet-bi-chong-ho-quang-chong-chay-no-tbdthq-03p\/#primaryimage\"},\"thumbnailUrl\":\"https:\/\/dienantoanmd.com\/wp-content\/uploads\/2025\/11\/13.png\",\"datePublished\":\"2025-10-05T08:04:59+00:00\",\"dateModified\":\"2025-12-30T09:37:36+00:00\",\"breadcrumb\":{\"@id\":\"https:\/\/dienantoanmd.com\/index.php\/san-pham\/thiet-bi-chong-ho-quang-chong-chay-no-tbdthq-03p\/#breadcrumb\"},\"inLanguage\":\"vi\",\"potentialAction\":[{\"@type\":\"ReadAction\",\"target\":[\"https:\/\/dienantoanmd.com\/index.php\/san-pham\/thiet-bi-chong-ho-quang-chong-chay-no-tbdthq-03p\/\"]}]},{\"@type\":\"ImageObject\",\"inLanguage\":\"vi\",\"@id\":\"https:\/\/dienantoanmd.com\/index.php\/san-pham\/thiet-bi-chong-ho-quang-chong-chay-no-tbdthq-03p\/#primaryimage\",\"url\":\"https:\/\/dienantoanmd.com\/wp-content\/uploads\/2025\/11\/13.png\",\"contentUrl\":\"https:\/\/dienantoanmd.com\/wp-content\/uploads\/2025\/11\/13.png\",\"width\":1875,\"height\":1875},{\"@type\":\"BreadcrumbList\",\"@id\":\"https:\/\/dienantoanmd.com\/index.php\/san-pham\/thiet-bi-chong-ho-quang-chong-chay-no-tbdthq-03p\/#breadcrumb\",\"itemListElement\":[{\"@type\":\"ListItem\",\"position\":1,\"name\":\"Trang ch\u1ee7\",\"item\":\"https:\/\/dienantoanmd.com\/\"},{\"@type\":\"ListItem\",\"position\":2,\"name\":\"Thi\u1ebft B\u1ecb B\u1ea3o V\u1ec7 An To\u00e0n \u0110i\u1ec7n\",\"item\":\"https:\/\/dienantoanmd.com\/index.php\/cua-hang\/\"},{\"@type\":\"ListItem\",\"position\":3,\"name\":\"Thi\u1ebft b\u1ecb ch\u1ed1ng H\u1ed3 Quang( ch\u1ed1ng ch\u00e1y n\u1ed5) \u2013 TBDTHQ 03P\"}]},{\"@type\":\"WebSite\",\"@id\":\"https:\/\/dienantoanmd.com\/#website\",\"url\":\"https:\/\/dienantoanmd.com\/\",\"name\":\"\u0110i\u1ec7n An To\u00e0n MD\",\"description\":\"\u0110i\u1ec7n An To\u00e0n MD Vi\u1ec7t Nam \ufe0f Thi\u1ebft b\u1ecb ch\u1ed1ng \u0111i\u1ec7n gi\u1eadt &amp; ch\u00e1y n\u1ed5 B\u1ea3o v\u1ec7 an to\u00e0n L\u1eafp \u0111\u1eb7t v\u00e0 ki\u1ec3m tra t\u1ea1i nh\u00e0 - B\u1ea3o h\u00e0nh 24 th\u00e1ng\",\"publisher\":{\"@id\":\"https:\/\/dienantoanmd.com\/#organization\"},\"potentialAction\":[{\"@type\":\"SearchAction\",\"target\":{\"@type\":\"EntryPoint\",\"urlTemplate\":\"https:\/\/dienantoanmd.com\/?s={search_term_string}\"},\"query-input\":{\"@type\":\"PropertyValueSpecification\",\"valueRequired\":true,\"valueName\":\"search_term_string\"}}],\"inLanguage\":\"vi\"},{\"@type\":\"Organization\",\"@id\":\"https:\/\/dienantoanmd.com\/#organization\",\"name\":\"\u0110i\u1ec7n An To\u00e0n MD\",\"url\":\"https:\/\/dienantoanmd.com\/\",\"logo\":{\"@type\":\"ImageObject\",\"inLanguage\":\"vi\",\"@id\":\"https:\/\/dienantoanmd.com\/#\/schema\/logo\/image\/\",\"url\":\"https:\/\/dienantoanmd.com\/wp-content\/uploads\/2025\/08\/esafety.png\",\"contentUrl\":\"https:\/\/dienantoanmd.com\/wp-content\/uploads\/2025\/08\/esafety.png\",\"width\":200,\"height\":218,\"caption\":\"\u0110i\u1ec7n An To\u00e0n MD\"},\"image\":{\"@id\":\"https:\/\/dienantoanmd.com\/#\/schema\/logo\/image\/\"}}]}<\/script>\n<!-- \/ Yoast SEO plugin. -->","yoast_head_json":{"title":"Thi\u1ebft b\u1ecb ch\u1ed1ng H\u1ed3 Quang( ch\u1ed1ng ch\u00e1y n\u1ed5) \u2013 TBDTHQ 03P - \u0110i\u1ec7n An To\u00e0n MD Esafety","robots":{"index":"index","follow":"follow","max-snippet":"max-snippet:-1","max-image-preview":"max-image-preview:large","max-video-preview":"max-video-preview:-1"},"canonical":"https:\/\/dienantoanmd.com\/index.php\/san-pham\/thiet-bi-chong-ho-quang-chong-chay-no-tbdthq-03p\/","og_locale":"vi_VN","og_type":"article","og_title":"Thi\u1ebft b\u1ecb ch\u1ed1ng H\u1ed3 Quang( ch\u1ed1ng ch\u00e1y n\u1ed5) \u2013 TBDTHQ 03P - \u0110i\u1ec7n An To\u00e0n MD Esafety","og_description":"Thi\u1ebft b\u1ecb c\u1eaft gi\u1ea3m tia h\u1ed3 quang ch\u1ed1ng ch\u00e1y n\u1ed5 l\u00e0 thi\u1ebft b\u1ecb b\u1ea3o v\u1ec7 v\u00e0 h\u1ea1n ch\u1ebf d\u00f2ng \u0111i\u1ec7n 3 pha c\u00f3 th\u1ec3 kh\u1eafc ph\u1ee5c hi\u1ec7u qu\u1ea3 c\u00e1c v\u1ea5n [&hellip;]","og_url":"https:\/\/dienantoanmd.com\/index.php\/san-pham\/thiet-bi-chong-ho-quang-chong-chay-no-tbdthq-03p\/","og_site_name":"\u0110i\u1ec7n An To\u00e0n MD Esafety","article_modified_time":"2025-12-30T09:37:36+00:00","og_image":[{"width":1024,"height":1024,"url":"http:\/\/dienantoanmd.com\/wp-content\/uploads\/2025\/11\/13-1024x1024.png","type":"image\/png"}],"twitter_card":"summary_large_image","twitter_misc":{"\u01af\u1edbc t\u00ednh th\u1eddi gian \u0111\u1ecdc":"4 ph\u00fat"},"schema":{"@context":"https:\/\/schema.org","@graph":[{"@type":"WebPage","@id":"https:\/\/dienantoanmd.com\/index.php\/san-pham\/thiet-bi-chong-ho-quang-chong-chay-no-tbdthq-03p\/","url":"https:\/\/dienantoanmd.com\/index.php\/san-pham\/thiet-bi-chong-ho-quang-chong-chay-no-tbdthq-03p\/","name":"Thi\u1ebft b\u1ecb ch\u1ed1ng H\u1ed3 Quang( ch\u1ed1ng ch\u00e1y n\u1ed5) \u2013 TBDTHQ 03P - \u0110i\u1ec7n An To\u00e0n MD Esafety","isPartOf":{"@id":"https:\/\/dienantoanmd.com\/#website"},"primaryImageOfPage":{"@id":"https:\/\/dienantoanmd.com\/index.php\/san-pham\/thiet-bi-chong-ho-quang-chong-chay-no-tbdthq-03p\/#primaryimage"},"image":{"@id":"https:\/\/dienantoanmd.com\/index.php\/san-pham\/thiet-bi-chong-ho-quang-chong-chay-no-tbdthq-03p\/#primaryimage"},"thumbnailUrl":"https:\/\/dienantoanmd.com\/wp-content\/uploads\/2025\/11\/13.png","datePublished":"2025-10-05T08:04:59+00:00","dateModified":"2025-12-30T09:37:36+00:00","breadcrumb":{"@id":"https:\/\/dienantoanmd.com\/index.php\/san-pham\/thiet-bi-chong-ho-quang-chong-chay-no-tbdthq-03p\/#breadcrumb"},"inLanguage":"vi","potentialAction":[{"@type":"ReadAction","target":["https:\/\/dienantoanmd.com\/index.php\/san-pham\/thiet-bi-chong-ho-quang-chong-chay-no-tbdthq-03p\/"]}]},{"@type":"ImageObject","inLanguage":"vi","@id":"https:\/\/dienantoanmd.com\/index.php\/san-pham\/thiet-bi-chong-ho-quang-chong-chay-no-tbdthq-03p\/#primaryimage","url":"https:\/\/dienantoanmd.com\/wp-content\/uploads\/2025\/11\/13.png","contentUrl":"https:\/\/dienantoanmd.com\/wp-content\/uploads\/2025\/11\/13.png","width":1875,"height":1875},{"@type":"BreadcrumbList","@id":"https:\/\/dienantoanmd.com\/index.php\/san-pham\/thiet-bi-chong-ho-quang-chong-chay-no-tbdthq-03p\/#breadcrumb","itemListElement":[{"@type":"ListItem","position":1,"name":"Trang ch\u1ee7","item":"https:\/\/dienantoanmd.com\/"},{"@type":"ListItem","position":2,"name":"Thi\u1ebft B\u1ecb B\u1ea3o V\u1ec7 An To\u00e0n \u0110i\u1ec7n","item":"https:\/\/dienantoanmd.com\/index.php\/cua-hang\/"},{"@type":"ListItem","position":3,"name":"Thi\u1ebft b\u1ecb ch\u1ed1ng H\u1ed3 Quang( ch\u1ed1ng ch\u00e1y n\u1ed5) \u2013 TBDTHQ 03P"}]},{"@type":"WebSite","@id":"https:\/\/dienantoanmd.com\/#website","url":"https:\/\/dienantoanmd.com\/","name":"\u0110i\u1ec7n An To\u00e0n MD","description":"\u0110i\u1ec7n An To\u00e0n MD Vi\u1ec7t Nam \ufe0f Thi\u1ebft b\u1ecb ch\u1ed1ng \u0111i\u1ec7n gi\u1eadt &amp; ch\u00e1y n\u1ed5 B\u1ea3o v\u1ec7 an to\u00e0n L\u1eafp \u0111\u1eb7t v\u00e0 ki\u1ec3m tra t\u1ea1i nh\u00e0 - B\u1ea3o h\u00e0nh 24 th\u00e1ng","publisher":{"@id":"https:\/\/dienantoanmd.com\/#organization"},"potentialAction":[{"@type":"SearchAction","target":{"@type":"EntryPoint","urlTemplate":"https:\/\/dienantoanmd.com\/?s={search_term_string}"},"query-input":{"@type":"PropertyValueSpecification","valueRequired":true,"valueName":"search_term_string"}}],"inLanguage":"vi"},{"@type":"Organization","@id":"https:\/\/dienantoanmd.com\/#organization","name":"\u0110i\u1ec7n An To\u00e0n MD","url":"https:\/\/dienantoanmd.com\/","logo":{"@type":"ImageObject","inLanguage":"vi","@id":"https:\/\/dienantoanmd.com\/#\/schema\/logo\/image\/","url":"https:\/\/dienantoanmd.com\/wp-content\/uploads\/2025\/08\/esafety.png","contentUrl":"https:\/\/dienantoanmd.com\/wp-content\/uploads\/2025\/08\/esafety.png","width":200,"height":218,"caption":"\u0110i\u1ec7n An To\u00e0n MD"},"image":{"@id":"https:\/\/dienantoanmd.com\/#\/schema\/logo\/image\/"}}]}},"_links":{"self":[{"href":"https:\/\/dienantoanmd.com\/index.php\/wp-json\/wp\/v2\/product\/981","targetHints":{"allow":["GET"]}}],"collection":[{"href":"https:\/\/dienantoanmd.com\/index.php\/wp-json\/wp\/v2\/product"}],"about":[{"href":"https:\/\/dienantoanmd.com\/index.php\/wp-json\/wp\/v2\/types\/product"}],"replies":[{"embeddable":true,"href":"https:\/\/dienantoanmd.com\/index.php\/wp-json\/wp\/v2\/comments?post=981"}],"wp:featuredmedia":[{"embeddable":true,"href":"https:\/\/dienantoanmd.com\/index.php\/wp-json\/wp\/v2\/media\/1682"}],"wp:attachment":[{"href":"https:\/\/dienantoanmd.com\/index.php\/wp-json\/wp\/v2\/media?parent=981"}],"wp:term":[{"taxonomy":"product_brand","embeddable":true,"href":"https:\/\/dienantoanmd.com\/index.php\/wp-json\/wp\/v2\/product_brand?post=981"},{"taxonomy":"product_cat","embeddable":true,"href":"https:\/\/dienantoanmd.com\/index.php\/wp-json\/wp\/v2\/product_cat?post=981"},{"taxonomy":"product_tag","embeddable":true,"href":"https:\/\/dienantoanmd.com\/index.php\/wp-json\/wp\/v2\/product_tag?post=981"}],"curies":[{"name":"wp","href":"https:\/\/api.w.org\/{rel}","templated":true}]}}